at is the highest common factor of 37609 and 2673?
11
Calculate the highest common divisor of 65 and 11336.
13
What is the greatest common factor of 300 and 1860?
60
What is the greatest common divisor of 3 and 265512?
3
Calculate the greatest common factor of 8968 and 19.
19
What is the greatest common factor of 18832 and 48?
16
Calculate the highest common factor of 700 and 197300.
100
What is the greatest common divisor of 223 and 608567?
223
What is the highest common factor of 2684 and 123281?
61
Calculate the highest common factor of 8357 and 34387.
137
Calculate the greatest common factor of 986 and 8087172.
986
What is the greatest common factor of 4293401 and 7?
7
What is the highest common factor of 1047606 and 210?
42
What is the highest common divisor of 7543 and 57?
19
What is the highest common divisor of 1896 and 152?
8
Calculate the greatest common factor of 47166 and 84.
42
Calculate the highest common factor of 4275 and 8208.
171
Calculate the greatest common divisor of 618835 and 70.
35
What is the greatest common divisor of 1224 and 2700?
36
What is the greatest common divisor of 650457 and 27?
27
What is the greatest common factor of 2256 and 111296?
752
Calculate the highest common divisor of 1101564 and 148.
148
What is the highest common factor of 1421 and 18879?
203
What is the highest common factor of 1998815 and 2865?
955
What is the highest common factor of 179951 and 3?
1
Calculate the greatest common factor of 688 and 272.
16
Calculate the highest common divisor of 18656 and 2552.
88
What is the greatest common divisor of 5559066 and 141?
141
What is the greatest common factor of 7 and 130032?
7
What is the highest common divisor of 3951 and 27?
9
Calculate the greatest common factor of 68551 and 931.
49
Calculate the greatest common divisor of 4 and 1451126.
2
Calculate the greatest common factor of 14 and 136934.
14
Calculate the greatest common divisor of 19521 and 3.
3
Calculate the greatest common divisor of 1024 and 3664.
16
What is the highest common factor of 69606 and 54?
54
Calculate the highest common divisor of 23928 and 4296.
24
What is the highest common factor of 50 and 50?
50
Calculate the greatest common divisor of 291625 and 100.
25
What is the highest common divisor of 1582 and 1029091?
791
What is the greatest common factor of 20746 and 184?
46
What is the highest common factor of 14023 and 14393?
37
Calculate the highest common factor of 42300 and 1128.
564
Calculate the greatest common divisor of 105 and 170695.
35
What is the greatest common divisor of 5809 and 128426?
157
Calculate the highest common divisor of 2 and 106720.
2
What is the greatest common factor of 1812 and 8607?
453
What is the highest common divisor of 7030 and 4180?
190
What is the highest common divisor of 78886 and 2?
2
Calculate the greatest common divisor of 108 and 380676.
12
What is the greatest common factor of 34 and 5077968?
34
What is the greatest common factor of 924 and 3775926?
462
What is the greatest common divisor of 12 and 317466?
6
What is the greatest common factor of 3538 and 2958?
58
What is the highest common factor of 168517 and 43?
43
What is the highest common factor of 16783 and 260?
13
Calculate the greatest common divisor of 258865 and 20.
5
What is the greatest common factor of 50 and 1940?
10
What is the highest common divisor of 3068 and 2242?
118
What is the greatest common factor of 300 and 91275?
75
Calculate the highest common divisor of 263 and 302713.
263
What is the greatest common divisor of 2349187 and 3194?
1597
Calculate the greatest common divisor of 51129 and 828.
207
What is the greatest common factor of 74682 and 4610?
922
What is the greatest common divisor of 5 and 133030?
5
Calculate the highest common factor of 324 and 48768.
12
What is the highest common factor of 8989 and 48985?
101
What is the highest common factor of 1648605 and 210?
105
Calculate the highest common factor of 972 and 4202442.
486
What is the highest common divisor of 120 and 58570?
10
What is the highest common factor of 1339 and 2665?
13
Calculate the highest common factor of 231 and 7434.
21
What is the highest common divisor of 12607490 and 1556?
778
What is the highest common factor of 190359 and 4251?
39
What is the greatest common factor of 1275 and 80?
5
Calculate the greatest common factor of 2728 and 473.
11
What is the greatest common factor of 230 and 104374?
46
What is the highest common divisor of 188945 and 115?
115
Calculate the highest common factor of 9504 and 636.
12
What is the greatest common factor of 11720 and 1600?
40
Calculate the greatest common factor of 1464 and 183.
183
Calculate the highest common divisor of 34 and 58.
2
What is the greatest common divisor of 189727 and 46?
23
What is the highest common factor of 3850 and 3575?
275
What is the greatest common divisor of 57 and 3438221?
19
What is the greatest common divisor of 378335 and 2125?
85
What is the greatest common factor of 533 and 675584?
13
What is the greatest common divisor of 552 and 408?
24
Calculate the greatest common divisor of 409 and 147649.
409
What is the highest common divisor of 33 and 4367?
11
What is the highest common factor of 1172 and 6354584?
1172
Calculate the highest common factor of 102 and 32606.
34
What is the greatest common divisor of 2385 and 53265?
795
What is the highest common divisor of 29887 and 247?
247
What is the highest common factor of 46 and 412781?
23
Calculate the greatest common divisor of 5512 and 11882.
26
What is the highest common factor of 56693 and 26?
13
Calculate the highest common factor of 114677 and 287.
41
What is the greatest common divisor of 647216 and 19?
19
Calculate the greatest common factor of 10 and 164894.
2
Calculate the greatest common divisor of 126 and 39510.
18
Calculate the highest common factor of 1975 and 116100.
25
Calculate the greatest common divisor of 131652 and 1060.
212
Calculate the highest common divisor of 157757 and 1311.
437
Calculate the greatest common factor of 1414 and 59186.
202
Calculate the highest common divisor of 40478 and 148.
74
Calculate the highest common divisor of 58994 and 52.
26
What is the greatest common factor of 1598 and 51?
17
Calculate the highest common factor of 58 and 138707.
29
Calculate the highest common divisor of 61937 and 723.
241
Calculate the highest common factor of 68486 and 484.
242
Calculate the greatest common factor of 47414 and 6946.
302
Calculate the highest common divisor of 135473 and 13.
13
Calculate the highest common factor of 11818 and 874.
38
Calculate the highest common factor of 80 and 2303120.
80
What is the greatest common divisor of 460 and 26420?
20
Calculate the greatest common divisor of 3861 and 299442.
429
Calculate the highest common divisor of 48 and 1212.
12
What is the greatest common divisor of 11513 and 10643?
29
Calculate the greatest common factor of 144637 and 159.
53
Calculate the greatest common divisor of 78 and 23608.
26
What is the greatest common factor of 1785 and 7497?
357
What is the highest common factor of 36915 and 5?
5
What is the greatest common factor of 21489 and 261?
87
What is the highest common divisor of 1813171 and 655?
131
Calculate the greatest common divisor of 40 and 7090.
10
What is the highest common factor of 3440 and 12360?
40
What is the highest common divisor of 988 and 3457012?
988
Calculate the highest common divisor of 77096 and 46.
46
What is the highest common factor of 172 and 1936634?
86
Calculate the highest common factor of 78698 and 436.
218
What is the highest common divisor of 1717261 and 9492?
791
What is the highest common factor of 20 and 15205?
5
What is the greatest common factor of 210 and 589750?
70
What is the greatest common factor of 2368 and 2516?
148
What is the greatest common factor of 112280 and 168?
56
What is the greatest common factor of 2584 and 633764?
76
What is the highest common factor of 15 and 10815?
15
What is the greatest common divisor of 989 and 1341299?
43
What is the highest common factor of 33280 and 3640?
520
What is the greatest common divisor of 221576 and 136?
8
Calculate the greatest common factor of 289893 and 213.
213
What is the greatest common factor of 948243 and 51?
51
Calc